In base 6, what is -101 + -42301?
-42402
In base 7, what is 3 - -53332?
53335
In base 7, what is 333314 - 0?
333314
In base 5, what is 303103 + -124?
302424
In base 4, what is 11 + -1102210?
-1102133
In base 9, what is -1 - -233234?
233233
In base 12, what is 2b7 - -a9a?
1195
In base 13, what is 414 + 16?
42a
In base 12, what is -81 - 762?
-823
In base 5, what is 1312 + 231?
2043
In base 6, what is 0 - -12030244?
12030244
In base 16, what is 29f + 11?
2b0
In base 9, what is 122342 - -4?
122346
In base 12, what is 3 - -4baaa?
4bab1
In base 11, what is -a0428 + -5?
-a0432
In base 5, what is 33 + 311112?
311200
In base 2, what is 10000000000101001 + -1?
10000000000101000
In base 11, what is -390 + -54?
-434
In base 9, what is 10837 - 20?
10817
In base 12, what is -2 + -60982?
-60984
In base 5, what is -1103242 - -2?
-1103240
In base 12, what is -271802 + -2?
-271804
In base 14, what is -6 + 12d6?
12d0
In base 2, what is 1111011011111111101 - -1?
1111011011111111110
In base 11, what is 3 - -24935?
24938
In base 15, what is 5 - -7638?
763d
In base 9, what is -11 + 34833?
34822
In base 12, what is -98 + 37a?
2a2
In base 4, what is -10 - -12013210?
12013200
In base 2, what is -1100010100110100 - 10?
-1100010100110110
In base 13, what is 5 + 98c6?
98cb
In base 14, what is 97 - -90db?
9194
In base 9, what is 0 - -111104?
111104
In base 10, what is -6722 - -36?
-6686
In base 14, what is -743 + b?
-736
In base 13, what is -18a9 - 2?
-18ab
In base 9, what is -1066 - -27?
-1038
In base 14, what is 87b9 + -8?
87b1
In base 3, what is 1010 - -22200?
100210
In base 7, what is 53 - 1132?
-1046
In base 7, what is -3500 + 141?
-3326
In base 6, what is 403035 + 2?
403041
In base 10, what is -4 - 21015?
-21019
In base 7, what is -314 + -2004?
-2321
In base 7, what is 1156244 - 4?
1156240
In base 5, what is -32 - 1240002?
-1240034
In base 3, what is 12000002111 + -100?
12000002011
In base 7, what is 322 - -6512?
10134
In base 6, what is -333 - -13351?
13014
In base 6, what is -244020 + -42?
-244102
In base 6, what is -5 - -202550?
202541
In base 11, what is 1a9 + 349?
547
In base 10, what is 5 - -33790?
33795
In base 3, what is -1222 + -2010?
-11002
In base 13, what is c493 - 2?
c491
In base 10, what is -868 - -3?
-865
In base 15, what is -e - b52?
-b61
In base 6, what is 43 - -232?
315
In base 12, what is 0 - -1254?
1254
In base 14, what is 6b - -46d?
4da
In base 9, what is -30 + -21828?
-21858
In base 9, what is -18 + -28642?
-28661
In base 15, what is -14132 - c?
-1413e
In base 8, what is -116 - 431?
-547
In base 13, what is 69a2 + -10?
6992
In base 15, what is -a7a9 + 1?
-a7a8
In base 11, what is -998 - -633?
-365
In base 4, what is 113332302 - 11?
113332231
In base 3, what is 102 + -11122020210?
-11122020101
In base 2, what is 10011010000001 - 11110?
10011001100011
In base 9, what is -13 + -3871?
-3884
In base 16, what is 1b4b7 - 0?
1b4b7
In base 8, what is 710 - 607?
101
In base 5, what is 224112003 + 4?
224112012
In base 10, what is -4602 + -72?
-4674
In base 10, what is -383 - -437?
54
In base 11, what is -5 + 157606?
157601
In base 16, what is -19 + 858?
83f
In base 12, what is -1 - -23993?
23992
In base 7, what is 1011153 + -3?
1011150
In base 8, what is 240 + 17504?
17744
In base 6, what is 5 + 225524?
225533
In base 16, what is -28 + 5cd?
5a5
In base 6, what is -1 + -154200?
-154201
In base 8, what is 1371 + 60?
1451
In base 7, what is -13543 + 263?
-13250
In base 12, what is 0 + -3711?
-3711
In base 7, what is 645 + 65?
1043
In base 12, what is 3282 + -28?
3256
In base 4, what is 2332 - 30330?
-21332
In base 10, what is 3 - 163033?
-163030
In base 14, what is 2380 - -15?
2395
In base 5, what is 30023 + -20?
30003
In base 9, what is 77661 - -16?
77677
In base 15, what is 27bc + -6?
27b6
In base 6, what is 40354 + 4?
40402
In base 8, what is -157 - 554?
-733
In base 16, what is b08 - 4?
b04
In base 3, what is 2 + -120122110?
-120122101
In base 4, what is 2213 + 2132322?
2201201
In base 11, what is 160437 - -4?
160440
In base 3, what is 20 - 1100220220220?
-1100220220200
In base 4, what is -10331 - 30020?
-101011
In base 16, what is -293 - -157?
-13c
In base 6, what is 1 + -3110311?
-3110310
In base 8, what is 214 + 604?
1020
In base 8, what is 33762115 - -5?
33762122
In base 6, what is -11 + -324501?
-324512
In base 9, what is 5 - -1355730?
1355735
In base 14, what is d + -156b71?
-156b62
In base 5, what is 32 - 303041?
-303004
In base 16, what is 5650 + 6?
5656
In base 10, what is 21 - -1206?
1227
In base 9, what is -136 + -7426?
-7563
In base 11, what is 4 + 4563a?
45643
In base 2, what is -100 + -110101001101100?
-110101001110000
In base 4, what is -101331 + -13223?
-121220
In base 12, what is 10538 - 3?
10535
In base 5, what is -10 - -42201?
42141
In base 16, what is 5 - -724e9?
724ee
In base 13, what is -54 + -710?
-764
In base 11, what is -5 - -6143a?
61435
In base 2, what is -10101 - -1001000?
110011
In base 6, what is 3 - 22414441?
-22414434
In base 3, what is -1211 + -200101110?
-200110021
In base 14, what is 7537d + -a?
75373
In base 10, what is 101752 - -16?
101768
In base 6, what is 4212 - 13?
4155
In base 16, what is 2b - -210?
23b
In base 5, what is -1013 + -32?
-1100
In base 4, what is -10101023 + 13?
-10101010
In base 10, what is -16197 + -1?
-16198
In base 3, what is -20 - 110212111?
-110212201
In base 12, what is 12a71 - -3?
12a74
In base 12, what is -51 - -9a8?
957
In base 2, what is -101101011111110100 + 1?
-101101011111110011
In base 6, what is 111545404 - 4?
111545400
In base 2, what is -100 + -111110001110111101?
-111110001111000001
In base 11, what is 2a3 + -175?
129
In base 8, what is 11162 + 6?
11170
In base 8, what is 1 + 122400?
122401
In base 9, what is -1476 - 561?
-2147
In base 7, what is -1133 - 501?
-1634
In base 15, what is 1798 - -c?
17a5
In base 12, what is -1 - -3b82?
3b81
In base 5, what is 22 - -4302?
4324
In base 5, what is -442 - 32?
-1024
In base 7, what is -4 - -32405?
32401
In base 9, what is -5 + 12370?
12364
In base 15, what is -8 - -46aa?
46a2
In base 6, what is 4 + 12004044?
12004052
In base 11, what is 1 + 2265a7?
2265a8
In base 13, what is -59631 + -1?
-59632
In base 9, what is 5 + 68541?
68546
In base 4, what is 20213 - 312231?
-232012
In base 11, what is 2461 - -12?
2473
In base 3, what is -2 + -120010002?
-120010011
In base 11, what is 90762 - 8?
90755
In base 2, what is -1100101101000011 + 1100110?
-1100101011011101
In base 9, what is -1 - 17227?
-17228
In base 7, what is -4 - -160241?
160234
In base 15, what is e - 731?
-722
In base 5, what is -111114 - 1222?
-112341
In base 14, what is 177d6 - -2?
177d8
In base 16, what is -1 + 1d1c2?
1d1c1
In base 16, what is 8 + 11b0?
11b8
In base 13, what is -7609a8 - 1?
-7609a9
In base 2, what is 10011 - -110111000?
111001011
In base 2, what is -101000011000010100 - 1011?
-101000011000011111
In base 5, what is -30141 - -131?
-30010
In base 13, what is -20c43 + 2?
-20c41
In base 2, what is -1111101101000101 + -1?
-1111101101000110
In base 5, what is -31331 - -1113?
-30213
In base 11, what is -1910a - 7?
-19116
In base 7, what is -32 - 23450?
-23512
In base 3, what is -111 + -11202210012?
-11202210200
In base 16, what is 368 - -53c?
8a4
In base 9, what is -378 - -52?
-326
In base 16, what is 18f + 56?
1e5
In base 5, what is -32134 + 0?
-32134
In base 10, what is 62 - 13191?
-13129
In base 6, what is -2140543 - 12?
-2140555
In base 4, what is -2133230 - -1?
-2133223
In base 8, what is 406 + -35?
351
In base 16, what is -f7 - 3a?
-131
In base 3, what is -2 - 20011101220?
-20011101222
In base 11, what is 1 + -142010?
-14200a
In base 15, what is 2 - -39cd?
39d0
In base 12, what is -3bb8 - 4?
-4000
In base 8, what is 13217 - -24?
13243
In base 10, what is 26776 - 1?
26775
In base 5, what is -30411024 + -3?
-30411032
In base 6, what is -22321 + -24?
-22345
In base 7, what is -55 + -14402?
-14460
In base 9, what is -5174 + -25?
-5210
In base 13, what is 0 + -64672?
-64672
In base 5, what is 2 - 213302?
-213300
In base 9, what is 3070 + -16?
3053
In base 4, what is 12 - 2020010?
-2013332
In base 7, what is -6 - 5224?
-5233
In base 8, what is 23404 - -1?
23405
In base 10, what is -16 - -931?
915
In base 3, what is 1110201 + -2120210?
-1010002
In base 9, what is 10 + 28